{"id":2423,"date":"2026-03-10T20:40:45","date_gmt":"2026-03-10T23:40:45","guid":{"rendered":"https:\/\/www.frn.utn.edu.ar\/?page_id=2423"},"modified":"2026-03-10T20:44:31","modified_gmt":"2026-03-10T23:44:31","slug":"tecnicatura-universitaria-en-acompanamiento-terapeutico","status":"publish","type":"page","link":"https:\/\/www.frn.utn.edu.ar\/index.php\/tecnicatura-universitaria-en-acompanamiento-terapeutico\/","title":{"rendered":"Tecnicatura Universitaria en Acompa\u00f1amiento Terap\u00e9utico"},"content":{"rendered":"\t\t<div data-elementor-type=\"wp-page\" data-elementor-id=\"2423\" class=\"elementor elementor-2423\" data-elementor-post-type=\"page\">\n\t\t\t\t<div class=\"elementor-element elementor-element-1e065a9 e-flex e-con-boxed e-con e-parent\" data-id=\"1e065a9\" data-element_type=\"container\" data-e-type=\"container\" data-settings=\"{&quot;background_background&quot;:&quot;classic&quot;}\">\n\t\t\t\t\t<div class=\"e-con-inner\">\n\t\t<div class=\"elementor-element elementor-element-d2594be e-con-full e-flex e-con e-child\" data-id=\"d2594be\" data-element_type=\"container\" data-e-type=\"container\">\n\t\t\t\t<div class=\"elementor-element elementor-element-b7e8f77 elementor-widget elementor-widget-image\" data-id=\"b7e8f77\" data-element_type=\"widget\" data-e-type=\"widget\" data-widget_type=\"image.default\">\n\t\t\t\t<div class=\"elementor-widget-container\">\n\t\t\t\t\t\t\t\t\t\t\t\t\t\t\t<img decoding=\"async\" width=\"131\" height=\"120\" src=\"https:\/\/www.frn.utn.edu.ar\/wp-content\/uploads\/2025\/05\/ic-header-utn-c3.png\" class=\"attachment-large size-large wp-image-167\" alt=\"\" \/>\t\t\t\t\t\t\t\t\t\t\t\t\t\t\t<\/div>\n\t\t\t\t<\/div>\n\t\t\t\t<div class=\"elementor-element elementor-element-f81b723 elementor-widget elementor-widget-heading\" data-id=\"f81b723\" data-element_type=\"widget\" data-e-type=\"widget\" data-widget_type=\"heading.default\">\n\t\t\t\t<div class=\"elementor-widget-container\">\n\t\t\t\t\t<h1 class=\"elementor-heading-title elementor-size-default\">Tecnicatura Universitarias<\/h1>\t\t\t\t<\/div>\n\t\t\t\t<\/div>\n\t\t\t\t<\/div>\n\t\t\t\t\t<\/div>\n\t\t\t\t<\/div>\n\t\t<div class=\"elementor-element elementor-element-9a182e1 e-flex e-con-boxed e-con e-parent\" data-id=\"9a182e1\" data-element_type=\"container\" data-e-type=\"container\">\n\t\t\t\t\t<div class=\"e-con-inner\">\n\t\t<div class=\"elementor-element elementor-element-0c48e78 e-con-full e-flex e-con e-child\" data-id=\"0c48e78\" data-element_type=\"container\" data-e-type=\"container\">\n\t\t\t\t<div class=\"elementor-element elementor-element-06cea9c elementor-widget elementor-widget-heading\" data-id=\"06cea9c\" data-element_type=\"widget\" data-e-type=\"widget\" data-widget_type=\"heading.default\">\n\t\t\t\t<div class=\"elementor-widget-container\">\n\t\t\t\t\t<h2 class=\"elementor-heading-title elementor-size-default\">Tecnicatura Universitaria en Acompa\u00f1amiento Terap\u00e9utico<\/h2>\t\t\t\t<\/div>\n\t\t\t\t<\/div>\n\t\t\t\t<div class=\"elementor-element elementor-element-663b268 elementor-widget__width-initial contenido elementor-widget elementor-widget-text-editor\" data-id=\"663b268\" data-element_type=\"widget\" data-e-type=\"widget\" data-widget_type=\"text-editor.default\">\n\t\t\t\t<div class=\"elementor-widget-container\">\n\t\t\t\t\t\t\t\t\t<p dir=\"ltr\"><strong>Carrera Arancelada. <\/strong><\/p><p dir=\"ltr\"><span data-olk-copy-source=\"MessageBody\"><strong>Duraci\u00f3n<\/strong>: 2 a\u00f1os. <br \/><\/span><span data-olk-copy-source=\"MessageBody\">Modalidad Presencial y Virtual. Extensi\u00f3n \u00c1ulica San Mart\u00edn de los Andes.\u00a0<\/span><\/p><p dir=\"ltr\">Carrera aprobada por Ley Provincial N\u00ba 3147 y el Decreto Reglamentario 1524.\u00a0<\/p><p>\u00a0<\/p><p dir=\"ltr\"><strong>PREINSCRIPCI\u00d3N\u00a0<br \/><\/strong>Desde el 01\/03\/2026 al 15\/06\/2026<\/p><p dir=\"ltr\">Requisito de ingreso: Tener Aprobado el Ciclo Secundario.\u00a0<\/p><p dir=\"ltr\">Completar el formulario de preinscripci\u00f3n: <a title=\"https:\/\/forms.gle\/8JURbsfrc4C7mfym7\" href=\"https:\/\/forms.gle\/8JURbsfrc4C7mfym7\" target=\"_blank\" rel=\"noreferrer noopener\" data-auth=\"NotApplicable\" data-linkindex=\"2\">https:\/\/forms.gle\/8JURbsfrc4C7mfym7<\/a><\/p><p>\u00a0<\/p><p dir=\"ltr\"><strong>CURSADA\u00a0<\/strong><\/p><p dir=\"ltr\">El cursado inicia el 10\/08\/2026<\/p><p dir=\"ltr\">En modalidad presencial en la Extensi\u00f3n \u00c1ulica de San Mart\u00ecn de los Andes, ubicado en Cuesta Quiroga s\/n Ex Hotel Sol de los Andes.\u00a0<\/p><p dir=\"ltr\">Los horarios de cursada son: 16 a 20 hs.\u00a0<\/p><p>\u00a0<\/p><p dir=\"ltr\"><strong>OBJETIVO\u00a0<\/strong><\/p><p dir=\"ltr\">La Tecnicatura Universitaria en Acompa\u00f1amiento Terap\u00e9utico es una nueva propuesta acad\u00e9mica orientada a dar respuesta a la creciente demanda de profesionales capacitados en el campo de la salud mental. La carrera se enmarca en los principios de la Ley Nacional de Salud Mental N\u00b0 26.657 y en el paradigma de atenci\u00f3n comunitaria, que promueve abordajes interdisciplinarios y alternativas terap\u00e9uticas que favorezcan la inclusi\u00f3n social y eviten internaciones innecesarias.\u00a0<\/p><p>\u00a0<\/p><p dir=\"ltr\"><strong>INFORMES E INSCRIPCI\u00d3N\u00a0<\/strong><\/p><p dir=\"ltr\">En caso de consultas, comunicarse al siguiente mail: <a title=\"mailto:sma@frn.utn.edu.ar\" href=\"mailto:sma@frn.utn.edu.ar\" data-linkindex=\"3\">sma@frn.utn.edu.ar<\/a>. Horario de atenci\u00f3n: Lunes a Viernes de 17 a 20.\u00a0<\/p><p dir=\"ltr\"><strong>DESCRIPCI\u00d3N GENERAL\u00a0<\/strong><\/p><p dir=\"ltr\">La carrera consolida un perfil profesional comprometido con la promoci\u00f3n de derechos y la mejora de la calidad de vida de las personas asistidas y sus entornos. El t\u00edtulo cuenta con validez nacional y habilita para el ejercicio profesional de acuerdo con la Ley Provincial N\u00b0 3147 y su decreto reglamentario.\u00a0<\/p><p dir=\"ltr\">Con una duraci\u00f3n de dos a\u00f1os y una carga horaria total de 1.360 horas, la tecnicatura combina formaci\u00f3n general, espec\u00edfica y pr\u00e1ctica, incluyendo instancias de pr\u00e1ctica supervisada en instituciones de salud y organizaciones vinculadas al ejercicio profesional.\u00a0<\/p><p dir=\"ltr\"><strong>PERFIL DEL EGRESADO<\/strong><\/p><p dir=\"ltr\">Los egresados\/as de esta carrera, a partir de los conocimientos adquiridos, estar\u00e1n capacitados en el abordaje de las personas con padecimientos mentales realizando acciones de atenci\u00f3n, asistencia, rehabilitaci\u00f3n y prevenci\u00f3n: asisti\u00e9ndolas en las actividades de la vida diaria, educaci\u00f3n, trabajo, recreaci\u00f3n y participaci\u00f3n social ejecutando las estrategias de tratamiento indicadas por profesionales de equipos interdisciplinarios que atienden a la persona asistida o por el profesional a cargo del paciente.<\/p><p dir=\"ltr\">\u00a0<\/p><p dir=\"ltr\"><strong>\u00c1MBITO DE DESEMPE\u00d1O\u00a0<\/strong><\/p><p dir=\"ltr\">Los egresados\/as estar\u00e1n capacitados para intervenir en el \u00e1mbito p\u00fablico y privado. Adem\u00e1s podr\u00e1n desempe\u00f1arse como agentes de acompa\u00f1amiento o coordinando a otras u otros acompa\u00f1antes terap\u00e9uticos, desde diversos abordajes, pendientes a promover los enfoques ambulatorios en problem\u00e1ticas psicopatol\u00f3gicas y ante situaciones de crisis y\/o emergencia cl\u00ednica<\/p>\t\t\t\t\t\t\t\t<\/div>\n\t\t\t\t<\/div>\n\t\t\t\t<\/div>\n\t\t<div class=\"elementor-element elementor-element-aced646 e-con-full e-flex e-con e-child\" data-id=\"aced646\" data-element_type=\"container\" data-e-type=\"container\">\n\t\t\t\t<div class=\"elementor-element elementor-element-1e3f179 elementor-widget elementor-widget-image\" data-id=\"1e3f179\" data-element_type=\"widget\" data-e-type=\"widget\" data-widget_type=\"image.default\">\n\t\t\t\t<div class=\"elementor-widget-container\">\n\t\t\t\t\t\t\t\t\t\t\t\t\t\t\t<img fetchpriority=\"high\" decoding=\"async\" width=\"608\" height=\"694\" src=\"https:\/\/www.frn.utn.edu.ar\/wp-content\/uploads\/2026\/03\/IMG_8651.png\" class=\"attachment-large size-large wp-image-2417\" alt=\"\" srcset=\"https:\/\/www.frn.utn.edu.ar\/wp-content\/uploads\/2026\/03\/IMG_8651.png 608w, https:\/\/www.frn.utn.edu.ar\/wp-content\/uploads\/2026\/03\/IMG_8651-263x300.png 263w\" sizes=\"(max-width: 608px) 100vw, 608px\" \/>\t\t\t\t\t\t\t\t\t\t\t\t\t\t\t<\/div>\n\t\t\t\t<\/div>\n\t\t\t\t<\/div>\n\t\t\t\t\t<\/div>\n\t\t\t\t<\/div>\n\t\t\t\t<\/div>\n\t\t","protected":false},"excerpt":{"rendered":"<p>Tecnicatura Universitarias Tecnicatura Universitaria en Acompa\u00f1amiento Terap\u00e9utico Carrera Arancelada. Duraci\u00f3n: 2 a\u00f1os. Modalidad Presencial y Virtual. Extensi\u00f3n \u00c1ulica San Mart\u00edn de los Andes.\u00a0 Carrera aprobada por Ley Provincial N\u00ba 3147 y el Decreto Reglamentario 1524.\u00a0 \u00a0 PREINSCRIPCI\u00d3N\u00a0Desde el 01\/03\/2026 al 15\/06\/2026 Requisito de ingreso: Tener Aprobado el Ciclo Secundario.\u00a0 Completar el formulario de preinscripci\u00f3n: https:\/\/forms.gle\/8JURbsfrc4C7mfym7 [&hellip;]<\/p>\n","protected":false},"author":3,"featured_media":0,"parent":0,"menu_order":0,"comment_status":"closed","ping_status":"closed","template":"","meta":{"_acf_changed":false,"footnotes":""},"class_list":["post-2423","page","type-page","status-publish","hentry"],"acf":[],"_links":{"self":[{"href":"https:\/\/www.frn.utn.edu.ar\/index.php\/wp-json\/wp\/v2\/pages\/2423","targetHints":{"allow":["GET"]}}],"collection":[{"href":"https:\/\/www.frn.utn.edu.ar\/index.php\/wp-json\/wp\/v2\/pages"}],"about":[{"href":"https:\/\/www.frn.utn.edu.ar\/index.php\/wp-json\/wp\/v2\/types\/page"}],"author":[{"embeddable":true,"href":"https:\/\/www.frn.utn.edu.ar\/index.php\/wp-json\/wp\/v2\/users\/3"}],"replies":[{"embeddable":true,"href":"https:\/\/www.frn.utn.edu.ar\/index.php\/wp-json\/wp\/v2\/comments?post=2423"}],"version-history":[{"count":4,"href":"https:\/\/www.frn.utn.edu.ar\/index.php\/wp-json\/wp\/v2\/pages\/2423\/revisions"}],"predecessor-version":[{"id":2427,"href":"https:\/\/www.frn.utn.edu.ar\/index.php\/wp-json\/wp\/v2\/pages\/2423\/revisions\/2427"}],"wp:attachment":[{"href":"https:\/\/www.frn.utn.edu.ar\/index.php\/wp-json\/wp\/v2\/media?parent=2423"}],"curies":[{"name":"wp","href":"https:\/\/api.w.org\/{rel}","templated":true}]}}

Tecnicatura Universitaria en Acompañamiento Terapéutico

<div data-elementor-type="wp-page" data-elementor-id="2423" class="elementor elementor-2423" data-elementor-post-type="page">
				<div class="elementor-element elementor-element-1e065a9 e-flex e-con-boxed e-con e-parent" data-id="1e065a9" data-element_type="container" data-e-type="container" data-settings="{&quot;background_background&quot;:&quot;classic&quot;}">
					<div class="e-con-inner">
		<div class="elementor-element elementor-element-d2594be e-con-full e-flex e-con e-child" data-id="d2594be" data-element_type="container" data-e-type="container">
				<div class="elementor-element elementor-element-b7e8f77 elementor-widget elementor-widget-image" data-id="b7e8f77" data-element_type="widget" data-e-type="widget" data-widget_type="image.default">
				<div class="elementor-widget-container">
															<img decoding="async" width="131" height="120" src="https://www.frn.utn.edu.ar/wp-content/uploads/2025/05/ic-header-utn-c3.png" class="attachment-large size-large wp-image-167" alt="" />															</div>
				</div>
				<div class="elementor-element elementor-element-f81b723 elementor-widget elementor-widget-heading" data-id="f81b723" data-element_type="widget" data-e-type="widget" data-widget_type="heading.default">
				<div class="elementor-widget-container">
					<h1 class="elementor-heading-title elementor-size-default">Tecnicatura Universitarias</h1>				</div>
				</div>
				</div>
					</div>
				</div>
		<div class="elementor-element elementor-element-9a182e1 e-flex e-con-boxed e-con e-parent" data-id="9a182e1" data-element_type="container" data-e-type="container">
					<div class="e-con-inner">
		<div class="elementor-element elementor-element-0c48e78 e-con-full e-flex e-con e-child" data-id="0c48e78" data-element_type="container" data-e-type="container">
				<div class="elementor-element elementor-element-06cea9c elementor-widget elementor-widget-heading" data-id="06cea9c" data-element_type="widget" data-e-type="widget" data-widget_type="heading.default">
				<div class="elementor-widget-container">
					<h2 class="elementor-heading-title elementor-size-default">Tecnicatura Universitaria en Acompañamiento Terapéutico</h2>				</div>
				</div>
				<div class="elementor-element elementor-element-663b268 elementor-widget__width-initial contenido elementor-widget elementor-widget-text-editor" data-id="663b268" data-element_type="widget" data-e-type="widget" data-widget_type="text-editor.default">
				<div class="elementor-widget-container">
									<p dir="ltr"><strong>Carrera Arancelada. </strong></p><p dir="ltr"><span data-olk-copy-source="MessageBody"><strong>Duración</strong>: 2 años. <br /></span><span data-olk-copy-source="MessageBody">Modalidad Presencial y Virtual. Extensión Áulica San Martín de los Andes. </span></p><p dir="ltr">Carrera aprobada por Ley Provincial Nº 3147 y el Decreto Reglamentario 1524. </p><p> </p><p dir="ltr"><strong>PREINSCRIPCIÓN <br /></strong>Desde el 01/03/2026 al 15/06/2026</p><p dir="ltr">Requisito de ingreso: Tener Aprobado el Ciclo Secundario. </p><p dir="ltr">Completar el formulario de preinscripción: <a title="https://forms.gle/8JURbsfrc4C7mfym7" href="https://forms.gle/8JURbsfrc4C7mfym7" target="_blank" rel="noreferrer noopener" data-auth="NotApplicable" data-linkindex="2">https://forms.gle/8JURbsfrc4C7mfym7</a></p><p> </p><p dir="ltr"><strong>CURSADA </strong></p><p dir="ltr">El cursado inicia el 10/08/2026</p><p dir="ltr">En modalidad presencial en la Extensión Áulica de San Martìn de los Andes, ubicado en Cuesta Quiroga s/n Ex Hotel Sol de los Andes. </p><p dir="ltr">Los horarios de cursada son: 16 a 20 hs. </p><p> </p><p dir="ltr"><strong>OBJETIVO </strong></p><p dir="ltr">La Tecnicatura Universitaria en Acompañamiento Terapéutico es una nueva propuesta académica orientada a dar respuesta a la creciente demanda de profesionales capacitados en el campo de la salud mental. La carrera se enmarca en los principios de la Ley Nacional de Salud Mental N° 26.657 y en el paradigma de atención comunitaria, que promueve abordajes interdisciplinarios y alternativas terapéuticas que favorezcan la inclusión social y eviten internaciones innecesarias. </p><p> </p><p dir="ltr"><strong>INFORMES E INSCRIPCIÓN </strong></p><p dir="ltr">En caso de consultas, comunicarse al siguiente mail: <a title="mailto:sma@frn.utn.edu.ar" href="mailto:sma@frn.utn.edu.ar" data-linkindex="3">sma@frn.utn.edu.ar</a>. Horario de atención: Lunes a Viernes de 17 a 20. </p><p dir="ltr"><strong>DESCRIPCIÓN GENERAL </strong></p><p dir="ltr">La carrera consolida un perfil profesional comprometido con la promoción de derechos y la mejora de la calidad de vida de las personas asistidas y sus entornos. El título cuenta con validez nacional y habilita para el ejercicio profesional de acuerdo con la Ley Provincial N° 3147 y su decreto reglamentario. </p><p dir="ltr">Con una duración de dos años y una carga horaria total de 1.360 horas, la tecnicatura combina formación general, específica y práctica, incluyendo instancias de práctica supervisada en instituciones de salud y organizaciones vinculadas al ejercicio profesional. </p><p dir="ltr"><strong>PERFIL DEL EGRESADO</strong></p><p dir="ltr">Los egresados/as de esta carrera, a partir de los conocimientos adquiridos, estarán capacitados en el abordaje de las personas con padecimientos mentales realizando acciones de atención, asistencia, rehabilitación y prevención: asistiéndolas en las actividades de la vida diaria, educación, trabajo, recreación y participación social ejecutando las estrategias de tratamiento indicadas por profesionales de equipos interdisciplinarios que atienden a la persona asistida o por el profesional a cargo del paciente.</p><p dir="ltr"> </p><p dir="ltr"><strong>ÁMBITO DE DESEMPEÑO </strong></p><p dir="ltr">Los egresados/as estarán capacitados para intervenir en el ámbito público y privado. Además podrán desempeñarse como agentes de acompañamiento o coordinando a otras u otros acompañantes terapéuticos, desde diversos abordajes, pendientes a promover los enfoques ambulatorios en problemáticas psicopatológicas y ante situaciones de crisis y/o emergencia clínica</p>								</div>
				</div>
				</div>
		<div class="elementor-element elementor-element-aced646 e-con-full e-flex e-con e-child" data-id="aced646" data-element_type="container" data-e-type="container">
				<div class="elementor-element elementor-element-1e3f179 elementor-widget elementor-widget-image" data-id="1e3f179" data-element_type="widget" data-e-type="widget" data-widget_type="image.default">
				<div class="elementor-widget-container">
															<img fetchpriority="high" decoding="async" width="608" height="694" src="https://www.frn.utn.edu.ar/wp-content/uploads/2026/03/IMG_8651.png" class="attachment-large size-large wp-image-2417" alt="" srcset="https://www.frn.utn.edu.ar/wp-content/uploads/2026/03/IMG_8651.png 608w, https://www.frn.utn.edu.ar/wp-content/uploads/2026/03/IMG_8651-263x300.png 263w" sizes="(max-width: 608px) 100vw, 608px" />															</div>
				</div>
				</div>
					</div>
				</div>
				</div>

<p>Tecnicatura Universitarias Tecnicatura Universitaria en Acompañamiento Terapéutico Carrera Arancelada. Duración: 2 años. Modalidad Presencial y Virtual. Extensión Áulica San Martín de los Andes.  Carrera aprobada por Ley Provincial Nº 3147 y el Decreto Reglamentario 1524.    PREINSCRIPCIÓN Desde el 01/03/2026 al 15/06/2026 Requisito de ingreso: Tener Aprobado el Ciclo Secundario.  Completar el formulario de preinscripción: https://forms.gle/8JURbsfrc4C7mfym7 [&hellip;]</p>
